etermine i(g).
4
Suppose 426 - 614 = 32*q - 79*q. Let b(v) = -38*v + 140. Calculate b(q).
-12
Let k be (3/(-2))/(-1)*10*26/(-78). Let o(g) = 2*g + 2. Calculate o(k).
-8
Let o(c) = 7*c + 20. Let z(b) = -4*b - 6. Let g(n) = -o(n) - 2*z(n). Determine g(-20).
-28
Let i(s) = s**3 + 7*s**2 + 2. Let y(v) = -v**3 + 6*v**2 - 8*v - 7. Let h be y(4). Let p be i(h). Let b(q) = 0*q + 2*q - p*q - q - 5. Calculate b(0).
-5
Let l = 20883 - 20873. Let x(t) = -t**2 + 11*t + 6. Give x(l).
16
Let q(l) be the third derivative of l**7/2520 + 7*l**6/720 + 11*l**4/8 + 5*l**2 - 1. Let c(p) be the second derivative of q(p). Calculate c(-6).
-6
Let g(j) = -720*j**2 + 693*j**2 + 15*j**3 - 14*j**3 + 51 - j. Determine g(27).
24
Let x(k) = -k**3 - 14*k**2 - 41*k + 14. Let l be x(-5). Let j(c) = -2 + 1 - c + 0. What is j(l)?
5
Suppose 5*z + 6*b = 4*b + 45, -2*b + 12 = 2*z. Let s(k) = -6*k + 17. Calculate s(z).
-49
Let i(r) be the third derivative of 0*r + 5*r**2 + 1/6*r**3 + 0 + 2/3*r**4. Let c = -76 - -75. Calculate i(c).
-15
Let b be -8 + 1 + (-36)/(-9). Let o(j) = 6*j + 6. What is o(b)?
-12
Let x = -36 + 60. Let j be 28 - x - (0 - -1). Let z(l) be the first derivative of -2*l**3/3 + l**2/2 - 13. Calculate z(j).
-15
Let o(p) = -55*p**3 - 16*p**2 - p - 12. Let x(s) = -55*s**3 - 13*s**2 - s - 10. Let f(c) = -5*o(c) + 6*x(c). Calculate f(1).
-54
Let u(d) be the second derivative of -d**4/12 - 2*d**3/3 - 4*d**2 + 51*d + 4. What is u(-3)?
-5
Let g(y) be the third derivative of -y**6/40 + 17*y**5/15 + 23*y**4/24 - y**3/6 - 3559*y**2. What is g(23)?
-1
Let p(j) be the second derivative of j**5/20 - 4*j**4/3 + 14*j**3/3 - 5*j**2/2 + 252*j. What is p(14)?
-5
Let p(l) be the second derivative of -l**3 - l**2/2 - 5*l. Let q = -26 + 26. Suppose 6*r - 3*r + 3 = q. Calculate p(r).
5
Let f(n) = -5*n - 57. Let w be f(-12). Let y(a) = 3*a**2 - 2*a - 6. Let m(p) = -16*p**2 + 11*p + 31. Let r(k) = 2*m(k) + 11*y(k). Determine r(w).
5
Let h(s) be the third derivative of -s**4/6 - 3*s**3 - 35*s**2 - 4*s - 1. Determine h(0).
-18
Let d(u) = 10*u + 183. Let l be d(-18). Let w(c) = -c**2 + 26*c - 68. Let i be w(l). Let v(t) = t**2 - 1. Determine v(i).
0
Suppose -5*t + 89 = 2*i, 0*i - 81 = -5*t + 2*i. Let f(r) = -r**2 + 21*r - 24. What is f(t)?
44
Suppose -2*l = l + 4*w - 3, 3*l + w = -6. Let n(v) = 6*v + 56. Let q be n(-9). Let c(x) = -x + x**2 - q + 2 + 3*x. Determine c(l).
3
Let s(x) = x**2 + 13*x + 14. Let g(u) = u**2 - 3*u - 6. Let o be g(4). Let b be 0*o/(-4) + -9 + -3. What is s(b)?
2
Let a(n) = -n**2 + 4*n. Let r be a(4). Let w(k) be the third derivative of k**5/60 - k**4/24 + k**3 + 552*k**2. What is w(r)?
6
Let m(i) = i**3 - 4*i**2 - 8*i + 9. Suppose 0 = 5*y + 5*u - 100, y + 2*u + 3*u - 20 = 0. Suppose t = 3*w - y, -4*t - 3 = 5*w - 8. What is m(w)?
-6
Suppose -23*l = 2*p - 26*l - 21, -l - 7 = 4*p. Let x(w) = -10 + 0 + w**3 + w**2 - w - 2*w**3. Give x(p).
-10
Let j = 2347 - 2343. Let h(r) = -r**3 + r**2 + 10. What is h(j)?
-38
Let p(b) be the second derivative of b**4/12 + 13*b**3/6 + 15*b**2/2 + 2821*b. Determine p(-14).
29
Let p = -91 + 91. Suppose -7*x - 2 = 5*h - 9*x, p = 5*h + 3*x + 22. Let k(v) = v**2 + 6*v + 5. Determine k(h).
-3
Suppose 0 = 2*z + 7 + 9. Let s(l) be the third derivative of 5*l + 0 - 7*l**2 + 1/24*l**4 + 3/2*l**3. Calculate s(z).
1
Let q(c) = c**2 - 3*c - 1. Let m(r) = 29*r + 13. Let y be m(1). Suppose 3*a = 2*k + 1, -5*k - 40*a = -y*a - 3. Determine q(k).
-3
Let f(b) = b**3 + 7*b**2 - 7*b - 10. Let k = -65 - -70. Suppose -k*t - p = 0, 0*t = 2*t - 4*p. Suppose 0*m = -4*m + 4*g - 48, -4*m + g - 36 = t. What is f(m)?
-18
Let c(w) = -w**3 - 263 - 19*w + 524 - 17*w**2 - 270. What is c(-16)?
39
Suppose 38*q - 40*q + 31 = 5*v, q - 48 = 4*v. Let m(c) = -3*c + 66. What is m(q)?
-18
Suppose -469 = 5*z - 1529. Let m = 211 - z. Let q(k) be the third derivative of -k**4/12 - k**3/6 + k**2. Determine q(m).
1
Let j(w) = w**2 + 25 - 21*w - 13*w + 35*w - 21*w. What is j(22)?
69
Let h = -19591 + 19585. Let z(p) = p**3 + 7*p**2 + 3*p + 4. Calculate z(h).
22
Let c(t) be the third derivative of -t**5/20 - t**4 + 139*t**3/6 + 7945*t**2. What is c(-12)?
-5
Let c(f) = -f + 2. Let z(o) = -2*o + 4. Let b(t) = -5*c(t) + 3*z(t). Let q be b(1). Let y(j) = -8*j + 23*j + 5*j - 14*j - 6*j + 2*j - 1 - 19*j**2. Give y(q).
-18
Let p(d) = -d**3 + 2*d**2 + d + 2. Let o = 68 - 55. Suppose o*y + y - 42 = 0. Let t be p(y). Let l(b) = b**3 + 3*b**2 - 2*b + 1. What is l(t)?
-7
Let c(b) = 10*b + 56. Let l(m) = 2*m + 11. Suppose 6 = -5*n - 4. Let s(f) = n*c(f) + 11*l(f). Let i be (-64 - -64) + (-7 - -1). Determine s(i).
-3
Let k(p) = p**2 + 5*p - 18. Suppose -16*g = -30*g - 126. Calculate k(g).
18
Let o(s) = s**3 - 4*s**2 - 2*s - 3. Let y(t) = 18*t - 228. Let h be y(13). Let p be 28/(-14) + h/1. Determine o(p).
-11
Let x(f) = -f**3 + 7*f**2 + 6*f - 10. Let l be 0/1 + (-22)/209*-38. Calculate x(l).
62
Let c(w) be the first derivative of -5*w**2 - 27*w + 1121. Give c(-4).
13
Let d = -111 + 121. Suppose 0*o - 2*o = -d. Let w(c) = -c**3 + 3*c**2 + 6*c - 7. Calculate w(o).
-27
Let j be (36/(-27))/(-4) - (-70)/15. Let m(t) be the third derivative of t**6/120 - t**5/12 - t**4/24 - t**3/2 - t**2. What is m(j)?
-8
Let o(y) = 2*y + 0 - 3*y - 7. Let u = 4575 + -4566. Determine o(u).
-16
Let b(h) = -88*h - 72. Let z(a) = -7*a + 1. Let c(w) = b(w) - 14*z(w). Determine c(10).
14
Suppose 36 = 6*m - 42. Let v(u) = -90 + 10*u - u**2 - m*u + 89. Let t be (2/3)/((-2)/6). Determine v(t).
1
Let h(w) be the first derivative of -w**4/4 - 10*w**3/3 - 3*w**2 + 5*w + 1356. Give h(-9).
-22
Let h(w) = 3*w + 6. Let d(o) = -o**3 - o**2 + 1. Let i(n) = -2*n**3 + 4*n**2 + 8*n + 19. Let k(s) = 3*d(s) - i(s). Let j be k(-6). Calculate h(j).
-6
Let g(u) = -18*u + 33. Let i = -12732 - -12736. Calculate g(i).
-39
Let l(f) = -67*f - 41. Let j(s) = 10*s + 1. Let w(q) = -5*j(q) - l(q). Give w(-10).
-134
Let m be (3 + 65/(-35))/(1/7). Let k(h) = -h**3 + 8*h**2 + 2*h - 1. What is k(m)?
15
Let a = -160 + 164. Suppose a*k - 41 = h, 4*h - 32 + 20 = 0. Let i(j) = -j**3 + 12*j**2 - 10*j - 6. Calculate i(k).
5
Let a(x) = -x**3 - x**2 + 4*x - 2. Let i = -6276 + 6278. What is a(i)?
-6
Let u(h) = h**3 - 3*h**2 + 2*h - 2. Suppose 184*p + 154*p + 262 - 1276 = 0. Calculate u(p).
4
Suppose -2*h - 3*t = -8, -h - 2*t + 1 = -2. Let s(o) = -171*o - 66. Let v(j) = 79*j + 31. Let d(n) = 6*s(n) + 13*v(n). What is d(h)?
14
Suppose 0 = z - 7 + 4. Suppose u - 3*u + x = 0, -5*x = -z*u - 7. Let m(b) = -10*b - 3. Let s(t) = -39*t - 13. Let p(c) = 9*m(c) - 2*s(c). Give p(u).
-13
Let l(u) = -34*u**2 + 39*u - 18. Let k(g) = 20*g**2 - 21*g + 9. Let q(s) = -5*k(s) - 3*l(s). Calculate q(4).
-7
Let o(b) = -b**2 + 10*b - 7. Suppose 16*c - 22*c = -240. Suppose 10*l = -0*l + c. Suppose -5*a - 3*f = -0*f - 52, -3*a + 40 = l*f. Determine o(a).
9
Let q = -11359 - -11359. Let d(t) be the third derivative of q*t + 9*t**2 + 0 - 1/24*t**4 + t**3. Give d(9).
-3
Let a(h) = h**3 + 7*h**2 + 5*h - 4. Suppose -f = 4*n - 24 - 161, 4*n + 3*f - 195 = 0. Let s be 6/(-45) + 6/n + -6. Give a(s).
2
Let h be 7/(6/144*6). Let b(f) = 4 - 13*f + h*f - 3 - 11*f. Determine b(-2).
-7
Let g(s) = 25*s - 5. Suppose -209*q = -211*q. Calculate g(q).
-5
Let c(t) = 20*t + 13. Let o(j) = -51*j - 36. Let h(r) = -13*c(r) - 5*o(r). Determine h(3).
-4
Let s be -1*6*((-36750)/(-28))/21. Let p = s - -367. Let n(r) = r + 7. Determine n(p).
-1
Let g(v) be the third derivative of -v**6/60 - v**4/24 - v**3/6 + 37*v**2 + 24*v - 1. What is g(0)?
-1
Let a(i) = 5*i - 267. Let k be 13 + 2 + 0 - -38. Give a(k).
-2
Let l(n) = 18*n**3 + n**2 + 1. Let p = 10133 + -10134. Calculate l(p).
-16
Let c(o) be the second derivative of o**5/20 + o**3/2 - 3*o**2/2 + 1688*o. Determine c(-2).
-17
Let v(w) be the second derivative of 3*w**3 + 5*w**2/2 - 19*w + 10. Determine v(-2).
-31
Let p(n) = n**2 - 15*n + 43. Suppose 0 = -5*j - 4*x + 79, -19 = 5*j - 5*x - 44. Calculate p(j).
-1
Let f(g) be the first derivative of g**4/6 + 4*g**3/3 - g**2 + 8*g + 17. Let c(x) be the first derivative of f(x). Calculate c(-6).
22
Let v(b) be the third derivative of -43*b**2 - 11/60*b**5 - 17/6*b**3 - 1/120*b**6 + 0 + 0*b + 5/12*b**4. What is v(-12)?
7
Suppose 159 = 2*g + 93. Let v be (-2)/(6/g + 20/11). Let x(y) be the first derivative of -y**3 - y + 9. Determine